5. What is the units digit of a?
6
Let c be (-38 - 0)*(-5 - 36/8). Suppose 5*l - 1865 = -5*q, 5*q - 5*l + c = 6*q. What is the tens digit of q?
7
Suppose -25*k = -49*k + 48. Suppose -c + 5913 = 4*a, -3*a - k*c = -2*a - 1473. What is the units digit of a?
9
Suppose 4*c - 9*c = -10280. Suppose 9*h = h + c. What is the tens digit of h?
5
Suppose t = -4*m + 20857, -39*t + 5*m = -37*t - 41688. What is the tens digit of t?
4
Suppose -62*c = 200*c + 18*c - 16756320. What is the units digit of c?
4
Suppose 92 = -5*y + 7*y. Suppose y = 8*v - 2. Suppose -v*q + 818 = 116. What is the hundreds digit of q?
1
Let g(l) = -l**2 - l + 5. Let q(f) = f**2 + f - 1. Let u(m) = g(m) + 2*q(m). Let i be u(-3). Suppose -i*k + 688 = -419. What is the units digit of k?
3
Let f be 2/(2145/430 + -5). Let k = f - -188. What is the units digit of k?
6
Suppose 3*q = -0*q + d - 7, 3*q + 4*d = -2. Let w be q*((15 - 17) + 38/4). What is the units digit of (-12)/(-15)*w/(-2)?
6
Let w(v) = 1378*v + 844. What is the thousands digit of w(10)?
4
Let n be 4/30 + (-38304)/(-270). Suppose -10*g + 1388 = -n. Suppose 2*q = 4*f + 6*q - 564, -f = -3*q - g. What is the hundreds digit of f?
1
Let x be 1*2*(1 - 5/(-10)). Suppose 3*h + v - 4*v = 12, -3*v + x = 0. Suppose 454 = h*c + j - 46, -2*j + 10 = 0. What is the tens digit of c?
9
What is the thousands digit of 0 + -2 + (70/30*7086 - -5)?
6
Let v be 3 + (-51)/15 - (-1424)/10. Let w = -31 + v. Suppose 0 = d - 0*d - w. What is the units digit of d?
1
Suppose 7*s - 19035 = 13522. What is the tens digit of s?
5
Suppose 0 = 107*p - 93*p - 96376. What is the hundreds digit of p?
8
Let f = 62 - 18. Let n(x) = 5*x**2 - 64*x + 7. Let b be n(13). Suppose -f - b = -4*y. What is the tens digit of y?
1
Let h(i) = 727*i**2 - 32*i + 22. Let g(p) = p**2 + 3*p - 1. Let s(m) = 6*g(m) + h(m). What is the tens digit of s(1)?
3
Let j be (40/(-44))/(-5)*11/1. Suppose 0 = 4*x + j*k + 136 - 372, -298 = -5*x - k. What is the tens digit of x?
6
Let g be -16 - 114/(-7) - 17812/14. Let a = g + 2638. What is the tens digit of a?
6
Let r(f) = f**2 + f - 9. Let k be r(-4). What is the hundreds digit of k*(-1884)/(-9) + -8 + 7?
6
Suppose 43*w - 75938 = 51514. Let q = w - 1291. What is the tens digit of q?
7
Suppose -87 - 51 = -3*w. Suppose 31*s = w*s - 1110. What is the tens digit of s?
7
Let z = 2 + 1. Let p(m) = m**2 - 41*m + 334. Let d be p(11). Suppose d*y - 5*c + z*c = 474, c = y - 121. What is the hundreds digit of y?
1
Suppose 0*v - v + 5 = 0, 0 = -4*n - 5*v - 4547. Let d = -674 - n. What is the tens digit of d?
6
Suppose 0 = 3*v + v + 5*d - 37734, 0 = -d + 2. What is the hundreds digit of v?
4
Let p(d) = 8*d - 92. Let u be p(12). Suppose -3*t = u*r - 994, 1 = t - 1. What is the units digit of r?
7
Suppose 379 = 3*s + 469. What is the hundreds digit of -2 + (-9)/(-6) - 42945/s?
4
Suppose 43381 - 256141 = -45*d. What is the thousands digit of d?
4
Let u be (19192 - (7 + -1)) + 1. What is the hundreds digit of u/21 + 2/6?
9
Let l be (6 - -8)*(-52)/(-8). Let n = -86 + l. Suppose 0 = 2*t - 10, n*b + 4*t - 1045 = -0*b. What is the tens digit of b?
0
Let p = -2510 + 928. Let h = p - -2851. What is the thousands digit of h?
1
Let n(b) = -b. Let h(t) = 2*t**2 - 7*t - 5. Let j(y) = h(y) - 2*n(y). Let x be j(5). What is the units digit of 1*(-408)/(x/(-5))?
2
Suppose -5*v - 74 = 151. Let y = v + 64. Suppose -y*o = -16*o - 246. What is the tens digit of o?
8
Let z = 3521 + 5200. What is the tens digit of z?
2
Suppose -g + 5*g - 5340 = 0. Let b = g - 888. What is the units digit of b?
7
Let x = 6 + -6. Suppose 0 = 4*m + 4*z, x = z + 5 - 3. What is the tens digit of ((-93)/6)/(m/(-4))?
3
What is the hundreds digit of (-14451)/(-6)*(-30 - -32)/(1/3)?
4
Let j = 288 + -261. What is the tens digit of (0/(-1) + 1)/(j/30780)?
4
Let i = -6784 - -12141. What is the hundreds digit of i/9 - 38/171?
5
What is the thousands digit of (-3 - -11)*(714 + 4) + 6?
5
Let f(u) = -3*u**3 - 12*u**2 - 21*u + 494. What is the tens digit of f(-20)?
1
Let c be (-1 + -3)/((-12)/18) + -2. Suppose -4*d - 24 = -c*a + 36, 0 = 3*d - 3. Suppose -15*y - 33 = -a*y. What is the units digit of y?
3
What is the units digit of (1392/(-2436))/((-2)/34783)?
8
Let b(a) = a**3 + 10*a**2 - 11*a + 8. Let y be b(-11). Suppose -y = -q - 3. Suppose -q*s = 5*d - 105, 4*s + 3*d = 6*d + 119. What is the tens digit of s?
2
Let k(g) = 144*g**2 - 10*g - 12 + 34*g + 6. What is the units digit of k(2)?
8
Suppose 4*i + 3*i - 2*i = 0. Let m be 3 - (i/(-3))/1. Suppose 0 = -m*k - 3*k + 660. What is the hundreds digit of k?
1
Suppose 10*f - 14*f - 48 = 0. Let w be ((-36)/8 + 3)*f. Suppose -w*z + 612 = -12*z. What is the hundreds digit of z?
1
Suppose 2*p - 6 = -0*p. Suppose 3*t = 0, -p*k = -7*k - 5*t. What is the units digit of (k - -3)*(6 + 50/3)?
8
Let t(z) = -4546*z + 2816. What is the units digit of t(-7)?
8
Suppose -2*l = -2*x + 111170, -5*l + 75 - 100 = 0. What is the hundreds digit of x?
5
Suppose 16*m = 13*m + 174. Suppose 0 = -3*w - 2*z + 874, -3*w - z + 820 = -m. What is the units digit of w?
4
Suppose -111779 = 11*a - 377737. What is the tens digit of a?
7
Let h(v) = 5*v**2 + 5*v + 5. Let f = 109 + -114. What is the hundreds digit of h(f)?
1
Let j(g) = 21*g**2 - 2*g - 13. Suppose 4*f = 43 + 65. Suppose -9 = -24*y + f*y. What is the units digit of j(y)?
2
Let y(k) = -k + 25. Let z be y(21). Suppose -z*t + 26 = -s - 3, 2*s + 10 = 0. Suppose 15 = t*g - 693. What is the tens digit of g?
1
Suppose 5384*t - 5366*t = 678888. What is the hundreds digit of t?
7
Suppose 0 = -2*j - 5*r + 143400, -15*r - 286904 = -4*j - 12*r. What is the units digit of j?
0
Suppose 13*s - 159 = 140. Suppose s*u + 5765 = 18438. What is the units digit of u?
1
Suppose 7*m + 7*m = -19*m + 90882. What is the hundreds digit of m?
7
What is the ten thousands digit of (((-6)/(-27))/(6/9))/((-2)/(-133836))?
2
Let m(w) = 4*w**2 + 19*w + 16. Suppose 4*v - 5*f + 61 = -12, 28 = -4*v - 4*f. What is the hundreds digit of m(v)?
3
Suppose 5*x - 32 = -12. Suppose 0 = -x*q - 12, 4*f + 2*q = -3*q + 1633. What is the tens digit of f?
1
Let w(v) = -v + 4. Let h be w(2). Suppose h*d = -2*d. Suppose -2*b + 5*l = 3*b - 330, d = 4*b - 3*l - 264. What is the tens digit of b?
6
Suppose -4*y = 3*f + 14, -f - 17 = 4*y - 23. Let b(m) = -m**3 - 6*m**2 + 11*m - 17. What is the tens digit of b(f)?
7
Let s be (-1)/((12/2)/24). Let b(f) = -10*f**3 - 8*f**2 - 20*f + 2. What is the units digit of b(s)?
4
Let d = -15657 - -25679. What is the hundreds digit of d?
0
Let d(q) = 2*q**2 + 5*q + 221. What is the units digit of d(35)?
6
Let s = 531 - -345. Suppose 18*o = 22*o - s. What is the units digit of o?
9
Suppose g - 33 = -5*x, -24*x = 5*g - 21*x - 99. Let p = g - -771. What is the units digit of p?
9
Suppose 7 = -2*k - 0*h + 5*h, 5 = -k + 3*h. Suppose -1 = -k*m + 7. Suppose 170 = m*p - 0*p + 2*l, -150 = -2*p + 2*l. What is the units digit of p?
0
Suppose l = 4*v - 370, 4*v - 5*v + 5*l + 83 = 0. Let t = 206 - v. Suppose -4*g = -u + t, 5*u - 720 + 86 = -3*g. What is the hundreds digit of u?
1
Let y be 50/125 + (-98)/(-5). Suppose 16*q + 76 = y*q. Let l = -10 + q. What is the units digit of l?
9
Let r(i) = -3*i - 23. Let x = 17 - 25. Let t be r(x). Let o(k) = 8*k + 4. What is the units digit of o(t)?
2
Let j(t) = 6 + 43*t + 29*t - 31. What is the hundreds digit of j(3)?
1
Suppose -3*o - 104*o = -5467999 + 1941707. What is the tens digit of o?
5
Suppose 4*h - h = 30. Suppose -5*u = 3*n - n - h, 0 = 2*u - 3*n - 23. Suppose -4*d = -0*a + a - 655, -4 = u*a. What is the hundreds digit of d?
1
Let a = 17087 - 7206. What is the tens digit of a?
8
Suppose 0 = 78*p - 80*p - 5*l + 92, 3*l = 0. Let y(k) = k**2 - 3*k - 2. Let f be y(3). Let t = f + p. What is the units digit of t?
4
Let j be 4/34 - (-324768)/578. Let g = j + -158. What is the units digit of g?
4
Suppose 20791*i = 20767*i + 247464. What is the units digit of i?
1
Let t = 112 + -32. Let w(v) = -4*v**3 - v**2 + 3*v. Let y be w(-3). Suppose 0 = 2*z - t - y. What is the tens digit of z?
8
Let s be (((-135)/10)/3 - -5)*0. Suppose 0 = 5*c - 2*w - 1520, -4*c + 5*w + 445 + 754 = s. What is the units digit of c?
6
Let y(t) = 14*t**2 - 71*t - 1411. What is the tens digit of y(-16)?
0
Let j be 2*(-2 + 4)*5*-2. Let o be 51 + (-1 - -2) + 0/j. Sup